{"id":7,"date":"2017-04-11T10:31:58","date_gmt":"2017-04-11T08:31:58","guid":{"rendered":"http:\/\/silonchantait.com\/chorale\/?page_id=7"},"modified":"2025-09-25T16:13:25","modified_gmt":"2025-09-25T14:13:25","slug":"presentation","status":"publish","type":"page","link":"https:\/\/www.silonchantait.com\/chorale\/presentation\/","title":{"rendered":"Pr\u00e9sentation"},"content":{"rendered":"<p>[et_pb_section fb_built=\u00a0\u00bb1&Prime; fullwidth=\u00a0\u00bbon\u00a0\u00bb admin_label=\u00a0\u00bbsection\u00a0\u00bb _builder_version=\u00a0\u00bb4.16&Prime; background_color=\u00a0\u00bb#aeabaa\u00a0\u00bb global_colors_info=\u00a0\u00bb{}\u00a0\u00bb][et_pb_fullwidth_post_title meta=\u00a0\u00bboff\u00a0\u00bb featured_image=\u00a0\u00bboff\u00a0\u00bb admin_label=\u00a0\u00bbTitre du poste en pleine largeur\u00a0\u00bb module_class=\u00a0\u00bbposition:fixed;\u00a0\u00bb _builder_version=\u00a0\u00bb4.16&Prime; title_font=\u00a0\u00bbComfortaa|on|||\u00a0\u00bb title_text_color=\u00a0\u00bb#ffffff\u00a0\u00bb title_font_size=\u00a0\u00bb39px\u00a0\u00bb title_letter_spacing=\u00a0\u00bb10px\u00a0\u00bb meta_font=\u00a0\u00bb||||\u00a0\u00bb background_color=\u00a0\u00bb#aeabaa\u00a0\u00bb text_orientation=\u00a0\u00bbcenter\u00a0\u00bb module_bg_color=\u00a0\u00bb#aeabaa\u00a0\u00bb global_colors_info=\u00a0\u00bb{}\u00a0\u00bb][\/et_pb_fullwidth_post_title][et_pb_fullwidth_image src=\u00a0\u00bbhttp:\/\/www.silonchantait.com\/chorale\/wp-content\/uploads\/2023\/01\/concert-Novalaise-02oct22-24.jpg\u00a0\u00bb alt=\u00a0\u00bbpr\u00e9sentation, chorale, avressieux, qui sommes nous, si l&rsquo;on chantait\u00a0\u00bb admin_label=\u00a0\u00bbImage en pleine largeur\u00a0\u00bb _builder_version=\u00a0\u00bb4.16&Prime; animation_style=\u00a0\u00bbslide\u00a0\u00bb animation_direction=\u00a0\u00bbtop\u00a0\u00bb animation_duration=\u00a0\u00bb500ms\u00a0\u00bb animation_intensity_slide=\u00a0\u00bb10%\u00a0\u00bb animation=\u00a0\u00bbtop\u00a0\u00bb global_colors_info=\u00a0\u00bb{}\u00a0\u00bb][\/et_pb_fullwidth_image][\/et_pb_section][et_pb_section fb_built=\u00a0\u00bb1&Prime; admin_label=\u00a0\u00bbsection\u00a0\u00bb _builder_version=\u00a0\u00bb4.16&Prime; global_colors_info=\u00a0\u00bb{}\u00a0\u00bb][et_pb_row admin_label=\u00a0\u00bbrow\u00a0\u00bb _builder_version=\u00a0\u00bb4.16&Prime; background_size=\u00a0\u00bbinitial\u00a0\u00bb background_position=\u00a0\u00bbtop_left\u00a0\u00bb background_repeat=\u00a0\u00bbrepeat\u00a0\u00bb global_colors_info=\u00a0\u00bb{}\u00a0\u00bb][et_pb_column type=\u00a0\u00bb4_4&Prime; _builder_version=\u00a0\u00bb4.16&Prime; custom_padding=\u00a0\u00bb|||\u00a0\u00bb global_colors_info=\u00a0\u00bb{}\u00a0\u00bb custom_padding__hover=\u00a0\u00bb|||\u00a0\u00bb][et_pb_text admin_label=\u00a0\u00bbTexte\u00a0\u00bb _builder_version=\u00a0\u00bb4.16&Prime; header_font_size=\u00a0\u00bb19px\u00a0\u00bb background_size=\u00a0\u00bbinitial\u00a0\u00bb background_position=\u00a0\u00bbtop_left\u00a0\u00bb background_repeat=\u00a0\u00bbrepeat\u00a0\u00bb text_orientation=\u00a0\u00bbjustified\u00a0\u00bb inline_fonts=\u00a0\u00bbGloria Hallelujah,Comfortaa\u00a0\u00bb global_colors_info=\u00a0\u00bb{}\u00a0\u00bb]<\/p>\n<h1 class=\"titr\" style=\"text-align: center;\">\u00a0<\/h1>\n<h1 class=\"titr\" style=\"text-align: center;\">\u00a0<\/h1>\n<h1 class=\"titr\" style=\"text-align: center;\"><span style=\"font-size: x-large; color: #d51936; font-family: Comfortaa; font-weight: normal;\"><strong>Bienvenue sur le site d<span style=\"color: #bc001c;\">u groupe vocal \u00ab\u00a0Si l&rsquo;on chantait\u00a0\u00bb !<\/span><\/strong><\/span><\/h1>\n<p class=\"titr\" style=\"text-align: center;\"><em><span style=\"font-size: x-large;\"><span class=\"chapeau\"><span class=\"titr\"><br \/><span style=\"font-size: large; color: #0c0c0c;\">\u00ab\u00a0De l&rsquo;\u00e9nergie, de la fantaisie, p<\/span><\/span><\/span><span class=\"titr\" style=\"font-size: large; color: #0c0c0c;\"><span class=\"chapeau\"><span class=\"titr\">our r\u00e9jouir les oreilles et les coeurs !\u00a0\u00bb<\/span><\/span><\/span><\/span><\/em><span class=\"points\"><br \/><\/span><\/p>\n<h4 class=\"titr\" style=\"text-align: justify;\">\u00a0<\/h4>\n<h4 class=\"titr\" style=\"text-align: justify;\">\u00a0<\/h4>\n<h1 class=\"titr\" style=\"text-align: justify;\"><span style=\"font-size: medium; color: #bc0b26; font-weight: normal; font-family: Comfortaa;\"><strong><span class=\"titr\"><span class=\"chapeau\"><span class=\"titr\">QUI SOMMES-NOUS ?<\/span><\/span><\/span><\/strong><\/span><\/h1>\n<p class=\"texte\" style=\"text-align: justify;\"><span style=\"font-size: medium;\">En 1993, un petit groupe de copains de la commune d\u2019<span style=\"color: #bc0b26;\">Avressieux<\/span> (Savoie) d\u00e9cide de se r\u00e9unir r\u00e9guli\u00e8rement pour chanter des standards de la vari\u00e9t\u00e9 fran\u00e7aise en s\u2019accompagnant d\u2019une guitare\u2026 Juste pour quelques semaines\u2026 Juste pour le plaisir\u2026 Mais le bouche \u00e0 oreilles fonctionne bien dans nos petits villages. Le groupe s\u2019\u00e9largit tr\u00e8s vite. De l\u00e0 (la la l\u00e8re\u2026), na\u00eet le groupe vocal <span style=\"color: #bc0b26;\">\u00ab\u00a0Si l\u2019on chantait\u00a0\u00bb<\/span>. <span style=\"font-size: xx-small; color: #ffffff;\">Pr\u00e9sentation<\/span><\/span><\/p>\n<p class=\"texte et-fb-mce-line-break-holder\" style=\"text-align: justify;\"><img loading=\"lazy\" decoding=\"async\" class=\"size-full wp-image-517 aligncenter\" src=\"http:\/\/silonchantait.com\/chorale\/wp-content\/uploads\/2017\/04\/PresentationNotes2.jpg\" alt=\"\" width=\"212\" height=\"100\" \/><\/p>\n<p class=\"texte\" style=\"text-align: center;\"><span style=\"font-size: large;\">\u00a0<\/span><\/p>\n<p class=\"texte\" style=\"text-align: justify;\"><span style=\"font-size: medium;\">Jean-Paul Berthet, le guitariste, en devient, avec grandes comp\u00e9tences le chef. Dix ans plus tard, tent\u00e9 par de nouvelles aventures musicales, il passe la main \u00e0 Beno\u00eet Moreau, alors t\u00e9nor dans le groupe. Pendant deux ann\u00e9es, Beno\u00eet dirigera l\u2019\u00e9quipe avec un r\u00e9el professionnalisme, mais devra avec regrets nous quitter, car appel\u00e9 vers d\u2019autres territoires par son travail. Myl\u00e8ne Choirat, soprane, accepte alors d\u2019assurer l\u2019int\u00e9rim pour quelques semaines.<\/span><\/p>\n<p align=\"justify\"><span style=\"color: #e5005b;\">Yves Cibert<\/span>, musicien talentueux, nous rejoint d\u00e9but 2007 et devient notre chef aid\u00e9 dans sa t\u00e2che jusqu\u2019en 2018 par <span style=\"color: #000000;\">V\u00e9ronique Gros<\/span> qui mettait au profit\u00a0 de notre groupe ses connaissances musicales.<\/p>\n<p style=\"text-align: justify;\" align=\"justify\" class=\"et-fb-mce-line-break-holder\"><span style=\"font-size: medium;\"><\/span><\/p>\n<p style=\"text-align: justify;\" align=\"justify\"><span style=\"font-size: medium;\">Notre \u00ab marque de fabrique \u00bb : des chansons c\u00e9l\u00e8bres, revisit\u00e9es par les arrangements souvent originaux de notre chef de ch\u0153ur, \u00e0 plusieurs voix (4, 5, 6\u2026 parfois m\u00eame d&rsquo;avantage, clavier et\/ou guitare et percussions), agr\u00e9ment\u00e9 de percussions, clarinette, m\u00e9lodica.<br \/>Les choristes sont actuellement au nombre de 21 et leur devise de chanteurs pourrait \u00eatre \u00ab Non aux \u00e9conomies d\u2019\u00e9nergie ! \u00bb.<\/span><\/p>\n<p class=\"\" style=\"text-align: justify;\" align=\"justify\">\n<p style=\"text-align: justify;\" align=\"justify\"><span style=\"font-size: medium;\">Le groupe vocal \u00ab\u00a0Si l\u2019on chantait\u00a0\u00bb se veut un groupe toujours accueillant\u00a0; et tous ceux qui souhaitent nous rejoindre sont les bienvenus \u00e0 nos r\u00e9p\u00e9titions du mardi soir \u00e0 la salle polyvalente d\u2019Avressieux (20h15 \u2013 22h). Il n\u2019est pas n\u00e9cessaire de conna\u00eetre le solf\u00e8ge\u00a0: une bonne oreille, un bon filet de voix et une grosse envie de chanter sont suffisants. Convivialit\u00e9 et bonne humeur garanties\u00a0!<\/span><\/p>\n<p style=\"text-align: center;\" align=\"justify\"><span style=\"font-size: medium;\"><strong><span style=\"color: #bc0b26;\"><em>N&rsquo;h\u00e9sitez pas \u00e0 parcourir tout le site<br \/>et n&rsquo;oubliez pas de faire un tour par le coin des choristes !<\/em><\/span><\/strong><\/span><\/p>\n<p>[\/et_pb_text][\/et_pb_column][\/et_pb_row][\/et_pb_section][et_pb_section fb_built=\u00a0\u00bb1&Prime; admin_label=\u00a0\u00bbsection\u00a0\u00bb _builder_version=\u00a0\u00bb4.16&Prime; global_colors_info=\u00a0\u00bb{}\u00a0\u00bb][et_pb_row admin_label=\u00a0\u00bbrow\u00a0\u00bb module_class=\u00a0\u00bb et_pb_row_fullwidth\u00a0\u00bb _builder_version=\u00a0\u00bb4.16&Prime; background_size=\u00a0\u00bbinitial\u00a0\u00bb background_position=\u00a0\u00bbtop_left\u00a0\u00bb background_repeat=\u00a0\u00bbrepeat\u00a0\u00bb width=\u00a0\u00bb94%\u00a0\u00bb width_tablet=\u00a0\u00bb80%\u00a0\u00bb width_last_edited=\u00a0\u00bbon|desktop\u00a0\u00bb max_width=\u00a0\u00bb94%\u00a0\u00bb max_width_tablet=\u00a0\u00bb80%\u00a0\u00bb max_width_last_edited=\u00a0\u00bbon|desktop\u00a0\u00bb make_fullwidth=\u00a0\u00bbon\u00a0\u00bb global_colors_info=\u00a0\u00bb{}\u00a0\u00bb width_phone=\u00a0\u00bb80%\u00a0\u00bb max_width_phone=\u00a0\u00bb80%\u00a0\u00bb][et_pb_column type=\u00a0\u00bb4_4&Prime; _builder_version=\u00a0\u00bb4.16&Prime; custom_padding=\u00a0\u00bb|||\u00a0\u00bb global_colors_info=\u00a0\u00bb{}\u00a0\u00bb custom_padding__hover=\u00a0\u00bb|||\u00a0\u00bb][et_pb_image src=\u00a0\u00bbhttp:\/\/silonchantait.com\/chorale\/wp-content\/uploads\/2017\/05\/lecoinchoristes.jpg\u00a0\u00bb alt=\u00a0\u00bbLe coin des choristes, concerts, Si l&rsquo;on chantait, Avressieux, Pr\u00e9sentation\u00a0\u00bb title_text=\u00a0\u00bbCliquez pour en savoir plus !\u00a0\u00bb url=\u00a0\u00bbhttp:\/\/silonchantait.com\/chorale\/le-coin-des-choristes\/\u00a0\u00bb show_bottom_space=\u00a0\u00bboff\u00a0\u00bb align=\u00a0\u00bbcenter\u00a0\u00bb align_tablet=\u00a0\u00bbcenter\u00a0\u00bb align_last_edited=\u00a0\u00bbon|desktop\u00a0\u00bb admin_label=\u00a0\u00bbImage\u00a0\u00bb _builder_version=\u00a0\u00bb4.16&Prime; animation_style=\u00a0\u00bbslide\u00a0\u00bb animation_direction=\u00a0\u00bbbottom\u00a0\u00bb animation_duration=\u00a0\u00bb500ms\u00a0\u00bb animation_intensity_slide=\u00a0\u00bb10%\u00a0\u00bb animation=\u00a0\u00bbbottom\u00a0\u00bb sticky=\u00a0\u00bbon\u00a0\u00bb global_colors_info=\u00a0\u00bb{}\u00a0\u00bb align_phone=\u00a0\u00bbcenter\u00a0\u00bb][\/et_pb_image][\/et_pb_column][\/et_pb_row][\/et_pb_section]<\/p>\n","protected":false},"excerpt":{"rendered":"<p>\u00a0 \u00a0 Bienvenue sur le site du groupe vocal \u00ab\u00a0Si l&rsquo;on chantait\u00a0\u00bb ! \u00ab\u00a0De l&rsquo;\u00e9nergie, de la fantaisie, pour r\u00e9jouir les oreilles et les coeurs !\u00a0\u00bb \u00a0 \u00a0 QUI SOMMES-NOUS ? En 1993, un petit groupe de copains de la commune d\u2019Avressieux (Savoie) d\u00e9cide de se r\u00e9unir r\u00e9guli\u00e8rement pour chanter des standards de la vari\u00e9t\u00e9 [&hellip;]<\/p>\n","protected":false},"author":1,"featured_media":0,"parent":0,"menu_order":0,"comment_status":"closed","ping_status":"closed","template":"","meta":{"_et_pb_use_builder":"on","_et_pb_old_content":"","_et_gb_content_width":"","_exactmetrics_skip_tracking":false,"_exactmetrics_sitenote_active":false,"_exactmetrics_sitenote_note":"","_exactmetrics_sitenote_category":0,"footnotes":""},"class_list":["post-7","page","type-page","status-publish","hentry"],"yoast_head":"<!-- This site is optimized with the Yoast SEO plugin v25.3.1 - https:\/\/yoast.com\/wordpress\/plugins\/seo\/ -->\n<title>Pr\u00e9sentation - Groupe vocal Si l&#039;on chantait - Chorale - 73240 Avressieux<\/title>\n<meta name=\"description\" content=\"Pr\u00e9sentation - Site du groupe vocal Si l&#039;on chantait, chorale d&#039;Avressieux, dans l&#039;Avant-Pays savoyard - 73240 - Savoie - Chant, Vari\u00e9t\u00e9\" \/>\n<meta name=\"robots\" content=\"index, follow, max-snippet:-1, max-image-preview:large, max-video-preview:-1\" \/>\n<link rel=\"canonical\" href=\"https:\/\/www.silonchantait.com\/chorale\/presentation\/\" \/>\n<meta property=\"og:locale\" content=\"fr_FR\" \/>\n<meta property=\"og:type\" content=\"article\" \/>\n<meta property=\"og:title\" content=\"Pr\u00e9sentation - Groupe vocal Si l&#039;on chantait - Chorale - 73240 Avressieux\" \/>\n<meta property=\"og:description\" content=\"Pr\u00e9sentation - Site du groupe vocal Si l&#039;on chantait, chorale d&#039;Avressieux, dans l&#039;Avant-Pays savoyard - 73240 - Savoie - Chant, Vari\u00e9t\u00e9\" \/>\n<meta property=\"og:url\" content=\"https:\/\/www.silonchantait.com\/chorale\/presentation\/\" \/>\n<meta property=\"og:site_name\" content=\"Groupe vocal &quot;Si l&#039;on chantait&quot;\" \/>\n<meta property=\"article:modified_time\" content=\"2025-09-25T14:13:25+00:00\" \/>\n<meta property=\"og:image\" content=\"http:\/\/silonchantait.com\/chorale\/wp-content\/uploads\/2017\/04\/PresentationNotes2.jpg\" \/>\n<meta name=\"twitter:card\" content=\"summary_large_image\" \/>\n<meta name=\"twitter:label1\" content=\"Dur\u00e9e de lecture estim\u00e9e\" \/>\n\t<meta name=\"twitter:data1\" content=\"4 minutes\" \/>\n<script type=\"application\/ld+json\" class=\"yoast-schema-graph\">{\"@context\":\"https:\/\/schema.org\",\"@graph\":[{\"@type\":\"WebPage\",\"@id\":\"https:\/\/www.silonchantait.com\/chorale\/presentation\/\",\"url\":\"https:\/\/www.silonchantait.com\/chorale\/presentation\/\",\"name\":\"Pr\u00e9sentation - Groupe vocal Si l'on chantait - Chorale - 73240 Avressieux\",\"isPartOf\":{\"@id\":\"https:\/\/www.silonchantait.com\/chorale\/#website\"},\"primaryImageOfPage\":{\"@id\":\"https:\/\/www.silonchantait.com\/chorale\/presentation\/#primaryimage\"},\"image\":{\"@id\":\"https:\/\/www.silonchantait.com\/chorale\/presentation\/#primaryimage\"},\"thumbnailUrl\":\"http:\/\/silonchantait.com\/chorale\/wp-content\/uploads\/2017\/04\/PresentationNotes2.jpg\",\"datePublished\":\"2017-04-11T08:31:58+00:00\",\"dateModified\":\"2025-09-25T14:13:25+00:00\",\"description\":\"Pr\u00e9sentation - Site du groupe vocal Si l'on chantait, chorale d'Avressieux, dans l'Avant-Pays savoyard - 73240 - Savoie - Chant, Vari\u00e9t\u00e9\",\"breadcrumb\":{\"@id\":\"https:\/\/www.silonchantait.com\/chorale\/presentation\/#breadcrumb\"},\"inLanguage\":\"fr-FR\",\"potentialAction\":[{\"@type\":\"ReadAction\",\"target\":[\"https:\/\/www.silonchantait.com\/chorale\/presentation\/\"]}]},{\"@type\":\"ImageObject\",\"inLanguage\":\"fr-FR\",\"@id\":\"https:\/\/www.silonchantait.com\/chorale\/presentation\/#primaryimage\",\"url\":\"http:\/\/silonchantait.com\/chorale\/wp-content\/uploads\/2017\/04\/PresentationNotes2.jpg\",\"contentUrl\":\"http:\/\/silonchantait.com\/chorale\/wp-content\/uploads\/2017\/04\/PresentationNotes2.jpg\"},{\"@type\":\"BreadcrumbList\",\"@id\":\"https:\/\/www.silonchantait.com\/chorale\/presentation\/#breadcrumb\",\"itemListElement\":[{\"@type\":\"ListItem\",\"position\":1,\"name\":\"Accueil\",\"item\":\"https:\/\/www.silonchantait.com\/chorale\/\"},{\"@type\":\"ListItem\",\"position\":2,\"name\":\"Pr\u00e9sentation\"}]},{\"@type\":\"WebSite\",\"@id\":\"https:\/\/www.silonchantait.com\/chorale\/#website\",\"url\":\"https:\/\/www.silonchantait.com\/chorale\/\",\"name\":\"Groupe vocal &quot;Si l&#039;on chantait&quot;\",\"description\":\"Chorale d&#039;Avressieux\",\"potentialAction\":[{\"@type\":\"SearchAction\",\"target\":{\"@type\":\"EntryPoint\",\"urlTemplate\":\"https:\/\/www.silonchantait.com\/chorale\/?s={search_term_string}\"},\"query-input\":{\"@type\":\"PropertyValueSpecification\",\"valueRequired\":true,\"valueName\":\"search_term_string\"}}],\"inLanguage\":\"fr-FR\"}]}<\/script>\n<!-- \/ Yoast SEO plugin. -->","yoast_head_json":{"title":"Pr\u00e9sentation - Groupe vocal Si l'on chantait - Chorale - 73240 Avressieux","description":"Pr\u00e9sentation - Site du groupe vocal Si l'on chantait, chorale d'Avressieux, dans l'Avant-Pays savoyard - 73240 - Savoie - Chant, Vari\u00e9t\u00e9","robots":{"index":"index","follow":"follow","max-snippet":"max-snippet:-1","max-image-preview":"max-image-preview:large","max-video-preview":"max-video-preview:-1"},"canonical":"https:\/\/www.silonchantait.com\/chorale\/presentation\/","og_locale":"fr_FR","og_type":"article","og_title":"Pr\u00e9sentation - Groupe vocal Si l'on chantait - Chorale - 73240 Avressieux","og_description":"Pr\u00e9sentation - Site du groupe vocal Si l'on chantait, chorale d'Avressieux, dans l'Avant-Pays savoyard - 73240 - Savoie - Chant, Vari\u00e9t\u00e9","og_url":"https:\/\/www.silonchantait.com\/chorale\/presentation\/","og_site_name":"Groupe vocal &quot;Si l&#039;on chantait&quot;","article_modified_time":"2025-09-25T14:13:25+00:00","og_image":[{"url":"http:\/\/silonchantait.com\/chorale\/wp-content\/uploads\/2017\/04\/PresentationNotes2.jpg","type":"","width":"","height":""}],"twitter_card":"summary_large_image","twitter_misc":{"Dur\u00e9e de lecture estim\u00e9e":"4 minutes"},"schema":{"@context":"https:\/\/schema.org","@graph":[{"@type":"WebPage","@id":"https:\/\/www.silonchantait.com\/chorale\/presentation\/","url":"https:\/\/www.silonchantait.com\/chorale\/presentation\/","name":"Pr\u00e9sentation - Groupe vocal Si l'on chantait - Chorale - 73240 Avressieux","isPartOf":{"@id":"https:\/\/www.silonchantait.com\/chorale\/#website"},"primaryImageOfPage":{"@id":"https:\/\/www.silonchantait.com\/chorale\/presentation\/#primaryimage"},"image":{"@id":"https:\/\/www.silonchantait.com\/chorale\/presentation\/#primaryimage"},"thumbnailUrl":"http:\/\/silonchantait.com\/chorale\/wp-content\/uploads\/2017\/04\/PresentationNotes2.jpg","datePublished":"2017-04-11T08:31:58+00:00","dateModified":"2025-09-25T14:13:25+00:00","description":"Pr\u00e9sentation - Site du groupe vocal Si l'on chantait, chorale d'Avressieux, dans l'Avant-Pays savoyard - 73240 - Savoie - Chant, Vari\u00e9t\u00e9","breadcrumb":{"@id":"https:\/\/www.silonchantait.com\/chorale\/presentation\/#breadcrumb"},"inLanguage":"fr-FR","potentialAction":[{"@type":"ReadAction","target":["https:\/\/www.silonchantait.com\/chorale\/presentation\/"]}]},{"@type":"ImageObject","inLanguage":"fr-FR","@id":"https:\/\/www.silonchantait.com\/chorale\/presentation\/#primaryimage","url":"http:\/\/silonchantait.com\/chorale\/wp-content\/uploads\/2017\/04\/PresentationNotes2.jpg","contentUrl":"http:\/\/silonchantait.com\/chorale\/wp-content\/uploads\/2017\/04\/PresentationNotes2.jpg"},{"@type":"BreadcrumbList","@id":"https:\/\/www.silonchantait.com\/chorale\/presentation\/#breadcrumb","itemListElement":[{"@type":"ListItem","position":1,"name":"Accueil","item":"https:\/\/www.silonchantait.com\/chorale\/"},{"@type":"ListItem","position":2,"name":"Pr\u00e9sentation"}]},{"@type":"WebSite","@id":"https:\/\/www.silonchantait.com\/chorale\/#website","url":"https:\/\/www.silonchantait.com\/chorale\/","name":"Groupe vocal &quot;Si l&#039;on chantait&quot;","description":"Chorale d&#039;Avressieux","potentialAction":[{"@type":"SearchAction","target":{"@type":"EntryPoint","urlTemplate":"https:\/\/www.silonchantait.com\/chorale\/?s={search_term_string}"},"query-input":{"@type":"PropertyValueSpecification","valueRequired":true,"valueName":"search_term_string"}}],"inLanguage":"fr-FR"}]}},"_links":{"self":[{"href":"https:\/\/www.silonchantait.com\/chorale\/wp-json\/wp\/v2\/pages\/7","targetHints":{"allow":["GET"]}}],"collection":[{"href":"https:\/\/www.silonchantait.com\/chorale\/wp-json\/wp\/v2\/pages"}],"about":[{"href":"https:\/\/www.silonchantait.com\/chorale\/wp-json\/wp\/v2\/types\/page"}],"author":[{"embeddable":true,"href":"https:\/\/www.silonchantait.com\/chorale\/wp-json\/wp\/v2\/users\/1"}],"replies":[{"embeddable":true,"href":"https:\/\/www.silonchantait.com\/chorale\/wp-json\/wp\/v2\/comments?post=7"}],"version-history":[{"count":69,"href":"https:\/\/www.silonchantait.com\/chorale\/wp-json\/wp\/v2\/pages\/7\/revisions"}],"predecessor-version":[{"id":2307,"href":"https:\/\/www.silonchantait.com\/chorale\/wp-json\/wp\/v2\/pages\/7\/revisions\/2307"}],"wp:attachment":[{"href":"https:\/\/www.silonchantait.com\/chorale\/wp-json\/wp\/v2\/media?parent=7"}],"curies":[{"name":"wp","href":"https:\/\/api.w.org\/{rel}","templated":true}]}}