{"id":17,"date":"2017-04-11T10:34:09","date_gmt":"2017-04-11T08:34:09","guid":{"rendered":"http:\/\/silonchantait.com\/chorale\/?page_id=17"},"modified":"2018-07-15T22:37:20","modified_gmt":"2018-07-15T20:37:20","slug":"presse","status":"publish","type":"page","link":"https:\/\/www.silonchantait.com\/chorale\/presse\/","title":{"rendered":"Presse"},"content":{"rendered":"<p>[et_pb_section fb_built=\u00a0\u00bb1&Prime; background_color=\u00a0\u00bb#aeabaa\u00a0\u00bb fullwidth=\u00a0\u00bbon\u00a0\u00bb admin_label=\u00a0\u00bbsection\u00a0\u00bb][et_pb_fullwidth_post_title meta=\u00a0\u00bboff\u00a0\u00bb featured_image=\u00a0\u00bboff\u00a0\u00bb text_orientation=\u00a0\u00bbcenter\u00a0\u00bb module_bg_color=\u00a0\u00bb#aeabaa\u00a0\u00bb admin_label=\u00a0\u00bbTitre du poste en pleine largeur\u00a0\u00bb title_font=\u00a0\u00bbComfortaa||||\u00a0\u00bb title_font_size=\u00a0\u00bb39px\u00a0\u00bb title_text_color=\u00a0\u00bb#ffffff\u00a0\u00bb title_letter_spacing=\u00a0\u00bb10px\u00a0\u00bb][\/et_pb_fullwidth_post_title][\/et_pb_section][et_pb_section fb_built=\u00a0\u00bb1&Prime; admin_label=\u00a0\u00bbsection\u00a0\u00bb][et_pb_row admin_label=\u00a0\u00bbrow\u00a0\u00bb][et_pb_column type=\u00a0\u00bb4_4&Prime; parallax=\u00a0\u00bboff\u00a0\u00bb parallax_method=\u00a0\u00bbon\u00a0\u00bb][et_pb_text admin_label=\u00a0\u00bbText\u00a0\u00bb]<\/p>\n<h4 style=\"text-align: center;\">\u00a0<\/h4>\n<p>&nbsp;<\/p>\n<h4 style=\"text-align: center;\">\u00a0<\/h4>\n<p>&nbsp;<\/p>\n<h4 style=\"text-align: center;\">\u00a0<\/h4>\n<p>&nbsp;<\/p>\n<h4 style=\"text-align: center;\"><span style=\"color: #d61961;\"><strong><span style=\"font-family: Comfortaa;\">Retrouvez ici les diff\u00e9rents articles de presse parus<\/span><\/strong><\/span><\/h4>\n<p>&nbsp;<\/p>\n<p class=\"\" style=\"text-align: center;\"><span style=\"color: #000000; font-family: Arimo; font-weight: normal; font-size: medium;\">Cliquez sur les vignettes pour agrandir les articles<\/span><\/p>\n<p>&nbsp;<\/p>\n<p class=\"\">\u00a0<\/p>\n<ul class=\"foogallery-container foogallery-polaroid foogallery-lightbox-foogallery\">\n\t<li><a  href=\"https:\/\/www.silonchantait.com\/chorale\/wp-content\/uploads\/2017\/05\/ArticleDL-BocageMai2016.jpg\" data-caption-title=\"Article DL, Mai 2016\" data-attachment-id=\"1308\" title=\"Article DL, Mai 2016\" data-type=\"image\" class=\"\"><img loading=\"lazy\" decoding=\"async\"  src=\"https:\/\/www.silonchantait.com\/chorale\/wp-content\/uploads\/cache\/2017\/05\/ArticleDL-BocageMai2016\/927657793.jpg\" alt=\"Article DL, concert \u00e0 la fondation du bocage, Avressieux, mai 2016, presse\" width=\"150\" height=\"150\" class=\"skip-lazy\" \/><\/a><\/li><li><a  href=\"https:\/\/www.silonchantait.com\/chorale\/wp-content\/uploads\/2017\/05\/ARTICLEDL-concertDomessin_avril2016.jpg\" data-caption-title=\"Article DL, avril 2016\" data-attachment-id=\"1305\" title=\"Article DL, avril 2016\" data-type=\"image\" class=\"\"><img loading=\"lazy\" decoding=\"async\"  src=\"https:\/\/www.silonchantait.com\/chorale\/wp-content\/uploads\/cache\/2017\/05\/ARTICLEDL-concertDomessin_avril2016\/1785909419.jpg\" alt=\"Article DL, concert \u00e0 Domessin, chorale, Avressieux, avril 2016, presse\" width=\"150\" height=\"150\" class=\"skip-lazy\" \/><\/a><\/li><li><a  href=\"https:\/\/www.silonchantait.com\/chorale\/wp-content\/uploads\/2017\/05\/ARTICLESDL-prepaConcertsAvril2016.jpg\" data-caption-title=\"Article DL, pr\u00e9paration de concert, avr 2016\" data-attachment-id=\"1302\" title=\"Article DL, pr\u00e9paration de concert, avr 2016\" data-type=\"image\" class=\"\"><img loading=\"lazy\" decoding=\"async\"  src=\"https:\/\/www.silonchantait.com\/chorale\/wp-content\/uploads\/cache\/2017\/05\/ARTICLESDL-prepaConcertsAvril2016\/3610141490.jpg\" alt=\"Article DL, pr\u00e9paration de concert \u00e0 Domessin, chorale, Avressieux, avril 2016\" width=\"150\" height=\"150\" class=\"skip-lazy\" \/><\/a><\/li><li><a  href=\"https:\/\/www.silonchantait.com\/chorale\/wp-content\/uploads\/2017\/05\/articleDLdu26nov15.jpg\" data-caption-title=\"Article DL, nov 2015\" data-attachment-id=\"1299\" title=\"Article DL, nov 2015\" data-type=\"image\" class=\"\"><img loading=\"lazy\" decoding=\"async\"  src=\"https:\/\/www.silonchantait.com\/chorale\/wp-content\/uploads\/cache\/2017\/05\/articleDLdu26nov15\/1382064560.jpg\" alt=\"Article DL, concert \u00e0 St Jean d&#039;Avelanne, nov 2015, presse\" width=\"150\" height=\"150\" class=\"skip-lazy\" \/><\/a><\/li><li><a  href=\"https:\/\/www.silonchantait.com\/chorale\/wp-content\/uploads\/2017\/05\/articleDL-nov2015.jpg\" data-caption-title=\"Article DL, nov 2015\" data-attachment-id=\"1296\" title=\"Article DL, nov 2015\" data-type=\"image\" class=\"\"><img loading=\"lazy\" decoding=\"async\"  src=\"https:\/\/www.silonchantait.com\/chorale\/wp-content\/uploads\/cache\/2017\/05\/articleDL-nov2015\/1604438019.jpg\" alt=\"Article DL, concert \u00e0 St Jean d&#039;Avelanne, nov 2015, presse\" width=\"150\" height=\"150\" class=\"skip-lazy\" \/><\/a><\/li><li><a  href=\"https:\/\/www.silonchantait.com\/chorale\/wp-content\/uploads\/2017\/05\/presseBarberaz.jpg\" data-caption-title=\"Article DL, concert \u00e0 Barberaz, d\u00e9c 2014\" data-attachment-id=\"1293\" title=\"Article DL, concert \u00e0 Barberaz, d\u00e9c 2014\" data-type=\"image\" class=\"\"><img loading=\"lazy\" decoding=\"async\"  src=\"https:\/\/www.silonchantait.com\/chorale\/wp-content\/uploads\/cache\/2017\/05\/presseBarberaz\/1122300947.jpg\" alt=\"Article DL, concert \u00e0 Barberaz, d\u00e9cembre 2014, chorale, Avressieux, presse\" width=\"150\" height=\"150\" class=\"skip-lazy\" \/><\/a><\/li><li><a  href=\"https:\/\/www.silonchantait.com\/chorale\/wp-content\/uploads\/2017\/05\/DLnov2014-20ans.jpg\" data-caption-title=\"Article DL, nov 2014, 20 ans chorale\" data-attachment-id=\"1290\" title=\"Article DL, nov 2014, 20 ans chorale\" data-type=\"image\" class=\"\"><img loading=\"lazy\" decoding=\"async\"  src=\"https:\/\/www.silonchantait.com\/chorale\/wp-content\/uploads\/cache\/2017\/05\/DLnov2014-20ans\/1068613438.jpg\" alt=\"Article DL, novembre 2014, 20 ans chorale, Avressieux, presse\" width=\"150\" height=\"150\" class=\"skip-lazy\" \/><\/a><\/li><li><a  href=\"https:\/\/www.silonchantait.com\/chorale\/wp-content\/uploads\/2017\/05\/Nov2012_copainsCharteuse_article-DL.jpg\" data-caption-title=\"Article DL, novembre 2012\" data-attachment-id=\"1287\" title=\"Article DL, novembre 2012\" data-type=\"image\" class=\"\"><img loading=\"lazy\" decoding=\"async\"  src=\"https:\/\/www.silonchantait.com\/chorale\/wp-content\/uploads\/cache\/2017\/05\/Nov2012_copainsCharteuse_article-DL\/1441447353.jpg\" alt=\"Article DL, novembre 2012, presse\" width=\"150\" height=\"150\" class=\"skip-lazy\" \/><\/a><\/li><li><a  href=\"https:\/\/www.silonchantait.com\/chorale\/wp-content\/uploads\/2017\/05\/articlebeaufort_avril2012.jpg\" data-caption-title=\"Concert \u00e0 Beaufort - Avril 2012\" data-attachment-id=\"1276\" title=\"Concert \u00e0 Beaufort - Avril 2012\" data-type=\"image\" class=\"\"><img loading=\"lazy\" decoding=\"async\"  src=\"https:\/\/www.silonchantait.com\/chorale\/wp-content\/uploads\/cache\/2017\/05\/articlebeaufort_avril2012\/2136667530.jpg\" alt=\"Article Concert \u00e0 Beaufort - Avril 2012\" width=\"150\" height=\"150\" class=\"skip-lazy\" \/><\/a><\/li><li><a  href=\"https:\/\/www.silonchantait.com\/chorale\/wp-content\/uploads\/2018\/07\/article-dl-06.07.18.pdf\" target=\"_blank\" data-attachment-id=\"1684\" data-type=\"image\" class=\"\"><img loading=\"lazy\" decoding=\"async\"  src=\"https:\/\/www.silonchantait.com\/chorale\/wp-content\/uploads\/2018\/07\/article-dl-06.07.18.pdf\" width=\"150\" height=\"150\" class=\"skip-lazy\" \/><\/a><\/li><\/ul>\n<p>[\/et_pb_text][\/et_pb_column][\/et_pb_row][\/et_pb_section][et_pb_section fb_built=\u00a0\u00bb1&Prime; admin_label=\u00a0\u00bbsection\u00a0\u00bb][et_pb_row make_fullwidth=\u00a0\u00bbon\u00a0\u00bb admin_label=\u00a0\u00bbrow\u00a0\u00bb][et_pb_column type=\u00a0\u00bb4_4&Prime; parallax=\u00a0\u00bboff\u00a0\u00bb parallax_method=\u00a0\u00bbon\u00a0\u00bb][et_pb_image src=\u00a0\u00bbhttp:\/\/silonchantait.com\/chorale\/wp-content\/uploads\/2017\/05\/lecoinchoristes.jpg\u00a0\u00bb title_text=\u00a0\u00bbCliquez pour en savoir plus !\u00a0\u00bb url=\u00a0\u00bbhttp:\/\/silonchantait.com\/chorale\/le-coin-des-choristes\/\u00a0\u00bb animation=\u00a0\u00bbbottom\u00a0\u00bb sticky=\u00a0\u00bbon\u00a0\u00bb align=\u00a0\u00bbcenter\u00a0\u00bb admin_label=\u00a0\u00bbImage\u00a0\u00bb][\/et_pb_image][\/et_pb_column][\/et_pb_row][\/et_pb_section]<\/p>\n","protected":false},"excerpt":{"rendered":"<p>\u00a0 &nbsp; \u00a0 &nbsp; \u00a0 &nbsp; Retrouvez ici les diff\u00e9rents articles de presse parus &nbsp; Cliquez sur les vignettes pour agrandir les articles &nbsp; \u00a0 <ul class=\"foogallery-container foogallery-polaroid foogallery-lightbox-foogallery\">\n\t<li><a  href=\"https:\/\/www.silonchantait.com\/chorale\/wp-content\/uploads\/2017\/05\/ArticleDL-BocageMai2016.jpg\" data-caption-title=\"Article DL, Mai 2016\" data-attachment-id=\"1308\" title=\"Article DL, Mai 2016\" data-type=\"image\" class=\"\"><img loading=\"lazy\" decoding=\"async\"  src=\"https:\/\/www.silonchantait.com\/chorale\/wp-content\/uploads\/cache\/2017\/05\/ArticleDL-BocageMai2016\/927657793.jpg\" alt=\"Article DL, concert \u00e0 la fondation du bocage, Avressieux, mai 2016, presse\" width=\"150\" height=\"150\" class=\"skip-lazy\" \/><\/a><\/li><li><a  href=\"https:\/\/www.silonchantait.com\/chorale\/wp-content\/uploads\/2017\/05\/ARTICLEDL-concertDomessin_avril2016.jpg\" data-caption-title=\"Article DL, avril 2016\" data-attachment-id=\"1305\" title=\"Article DL, avril 2016\" data-type=\"image\" class=\"\"><img loading=\"lazy\" decoding=\"async\"  src=\"https:\/\/www.silonchantait.com\/chorale\/wp-content\/uploads\/cache\/2017\/05\/ARTICLEDL-concertDomessin_avril2016\/1785909419.jpg\" alt=\"Article DL, concert \u00e0 Domessin, chorale, Avressieux, avril 2016, presse\" width=\"150\" height=\"150\" class=\"skip-lazy\" \/><\/a><\/li><li><a  href=\"https:\/\/www.silonchantait.com\/chorale\/wp-content\/uploads\/2017\/05\/ARTICLESDL-prepaConcertsAvril2016.jpg\" data-caption-title=\"Article DL, pr\u00e9paration de concert, avr 2016\" data-attachment-id=\"1302\" title=\"Article DL, pr\u00e9paration de concert, avr 2016\" data-type=\"image\" class=\"\"><img loading=\"lazy\" decoding=\"async\"  src=\"https:\/\/www.silonchantait.com\/chorale\/wp-content\/uploads\/cache\/2017\/05\/ARTICLESDL-prepaConcertsAvril2016\/3610141490.jpg\" alt=\"Article DL, pr\u00e9paration de concert \u00e0 Domessin, chorale, Avressieux, avril 2016\" width=\"150\" height=\"150\" class=\"skip-lazy\" \/><\/a><\/li><li><a  href=\"https:\/\/www.silonchantait.com\/chorale\/wp-content\/uploads\/2017\/05\/articleDLdu26nov15.jpg\" data-caption-title=\"Article DL, nov 2015\" data-attachment-id=\"1299\" title=\"Article DL, nov 2015\" data-type=\"image\" class=\"\"><img loading=\"lazy\" decoding=\"async\"  src=\"https:\/\/www.silonchantait.com\/chorale\/wp-content\/uploads\/cache\/2017\/05\/articleDLdu26nov15\/1382064560.jpg\" alt=\"Article DL, concert \u00e0 St Jean d&#039;Avelanne, nov 2015, presse\" width=\"150\" height=\"150\" class=\"skip-lazy\" \/><\/a><\/li><li><a  href=\"https:\/\/www.silonchantait.com\/chorale\/wp-content\/uploads\/2017\/05\/articleDL-nov2015.jpg\" data-caption-title=\"Article DL, nov 2015\" data-attachment-id=\"1296\" title=\"Article DL, nov 2015\" data-type=\"image\" class=\"\"><img loading=\"lazy\" decoding=\"async\"  src=\"https:\/\/www.silonchantait.com\/chorale\/wp-content\/uploads\/cache\/2017\/05\/articleDL-nov2015\/1604438019.jpg\" alt=\"Article DL, concert \u00e0 St Jean d&#039;Avelanne, nov 2015, presse\" width=\"150\" height=\"150\" class=\"skip-lazy\" \/><\/a><\/li><li><a  href=\"https:\/\/www.silonchantait.com\/chorale\/wp-content\/uploads\/2017\/05\/presseBarberaz.jpg\" data-caption-title=\"Article DL, concert \u00e0 Barberaz, d\u00e9c 2014\" data-attachment-id=\"1293\" title=\"Article DL, concert \u00e0 Barberaz, d\u00e9c 2014\" data-type=\"image\" class=\"\"><img loading=\"lazy\" decoding=\"async\"  src=\"https:\/\/www.silonchantait.com\/chorale\/wp-content\/uploads\/cache\/2017\/05\/presseBarberaz\/1122300947.jpg\" alt=\"Article DL, concert \u00e0 Barberaz, d\u00e9cembre 2014, chorale, Avressieux, presse\" width=\"150\" height=\"150\" class=\"skip-lazy\" \/><\/a><\/li><li><a  href=\"https:\/\/www.silonchantait.com\/chorale\/wp-content\/uploads\/2017\/05\/DLnov2014-20ans.jpg\" data-caption-title=\"Article DL, nov 2014, 20 ans chorale\" data-attachment-id=\"1290\" title=\"Article DL, nov 2014, 20 ans chorale\" data-type=\"image\" class=\"\"><img loading=\"lazy\" decoding=\"async\"  src=\"https:\/\/www.silonchantait.com\/chorale\/wp-content\/uploads\/cache\/2017\/05\/DLnov2014-20ans\/1068613438.jpg\" alt=\"Article DL, novembre 2014, 20 ans chorale, Avressieux, presse\" width=\"150\" height=\"150\" class=\"skip-lazy\" \/><\/a><\/li><li><a  href=\"https:\/\/www.silonchantait.com\/chorale\/wp-content\/uploads\/2017\/05\/Nov2012_copainsCharteuse_article-DL.jpg\" data-caption-title=\"Article DL, novembre 2012\" data-attachment-id=\"1287\" title=\"Article DL, novembre 2012\" data-type=\"image\" class=\"\"><img loading=\"lazy\" decoding=\"async\"  src=\"https:\/\/www.silonchantait.com\/chorale\/wp-content\/uploads\/cache\/2017\/05\/Nov2012_copainsCharteuse_article-DL\/1441447353.jpg\" alt=\"Article DL, novembre 2012, presse\" width=\"150\" height=\"150\" class=\"skip-lazy\" \/><\/a><\/li><li><a  href=\"https:\/\/www.silonchantait.com\/chorale\/wp-content\/uploads\/2017\/05\/articlebeaufort_avril2012.jpg\" data-caption-title=\"Concert \u00e0 Beaufort - Avril 2012\" data-attachment-id=\"1276\" title=\"Concert \u00e0 Beaufort - Avril 2012\" data-type=\"image\" class=\"\"><img loading=\"lazy\" decoding=\"async\"  src=\"https:\/\/www.silonchantait.com\/chorale\/wp-content\/uploads\/cache\/2017\/05\/articlebeaufort_avril2012\/2136667530.jpg\" alt=\"Article Concert \u00e0 Beaufort - Avril 2012\" width=\"150\" height=\"150\" class=\"skip-lazy\" \/><\/a><\/li><li><a  href=\"https:\/\/www.silonchantait.com\/chorale\/wp-content\/uploads\/2018\/07\/article-dl-06.07.18.pdf\" target=\"_blank\" data-attachment-id=\"1684\" data-type=\"image\" class=\"\"><img loading=\"lazy\" decoding=\"async\"  src=\"https:\/\/www.silonchantait.com\/chorale\/wp-content\/uploads\/2018\/07\/article-dl-06.07.18.pdf\" width=\"150\" height=\"150\" class=\"skip-lazy\" \/><\/a><\/li><\/ul><\/p>\n","protected":false},"author":1,"featured_media":0,"parent":0,"menu_order":0,"comment_status":"closed","ping_status":"closed","template":"","meta":{"_et_pb_use_builder":"on","_et_pb_old_content":"Retrouvez ici les diff\u00e9rents articles de presse parus\r\n\r\n- Concert \u00e0 Beaufort (avril 2012), <a href=\"http:\/\/www.silonchantait.com\/presse\/articlebeaufort.pdf\" target=\"_blank\">article du Dauphin\u00e9 Lib\u00e9r\u00e9<\/a>\r\n\r\n- Concert de Si l'on chantait, sur invitation des Copains de Chartreuse, (novembre 2012)\u00a0 <a href=\"http:\/\/www.silonchantait.com\/presse\/121120_article%20DL.jpg\" target=\"_blank\">article du Dauphin\u00e9 Lib\u00e9r\u00e9<\/a>\r\n\r\n- Concert anniversaire 20 ans de la chorale (novembre 2014), <a href=\"http:\/\/www.silonchantait.com\/presse\/ARTICLE%20DL%2006-12-2014.jpg\" target=\"_blank\">article du Dauphin\u00e9 Lib\u00e9r\u00e9\r\n<\/a>\r\n\r\n- Concert \u00e0 Barberaz 07 d\u00e9cembre 2014, <a href=\"http:\/\/www.silonchantait.com\/presse\/presse%20Barberaz.pdf\" target=\"_blank\">article du Dauphin\u00e9 Lib\u00e9r\u00e9<\/a>\r\n\r\n- Concert \u00e0 St Jean-d'Avelanne 07 novembre 2015, <a href=\"http:\/\/www.silonchantait.com\/presse\/ARTICLE%20DL%20.%2011-11-2015.jpg\" target=\"_blank\">article du Dauphin\u00e9 Lib\u00e9r\u00e9<\/a>\r\n\r\n- Soir\u00e9e du 24 novembre 2015 Avressieux, <a href=\"http:\/\/www.silonchantait.com\/pages\/Coin%20des%20choristes\/Photos\/Th%C3%A9o%20et%20Corentin\/Th%C3%A9o%20et%20Corentin\/article%20DL%20du%2026nov15.jpg\" target=\"_blank\">article du Dauphin\u00e9 Lib\u00e9r\u00e9<\/a>\r\n\r\n- Pr\u00e9paration Concert du 10 avril 2016 \u00e0 Domessin, <a href=\"http:\/\/www.silonchantait.com\/presse\/ARTICLES%20DL%20-%20Pr%C3%A9pa%20CONCERT%2010-04-16.jpg\" target=\"_blank\">article du Dauphin\u00e9 Lib\u00e9r\u00e9<\/a>\r\n\r\n- Concert Domessin 10 avril 2016, <a href=\"http:\/\/www.silonchantait.com\/presse\/ARTICLE%20DL%20-2-%2010-04-16.jpg\" target=\"_blank\">article du Dauphin\u00e9 Lib\u00e9r\u00e9<\/a>\r\n\r\n- Concert F\u00eate du bocage 01 mai 2016, <a href=\"http:\/\/www.silonchantait.com\/presse\/PHOTO%20DL%20-%20BOCAGE%201er%20MAI%202016.jpg\" target=\"_blank\">article du Dauphin\u00e9 Lib\u00e9r\u00e9<\/a>","_et_gb_content_width":"","_exactmetrics_skip_tracking":false,"_exactmetrics_sitenote_active":false,"_exactmetrics_sitenote_note":"","_exactmetrics_sitenote_category":0,"footnotes":""},"class_list":["post-17","page","type-page","status-publish","hentry"],"yoast_head":"<!-- This site is optimized with the Yoast SEO plugin v25.3.1 - https:\/\/yoast.com\/wordpress\/plugins\/seo\/ -->\n<title>Presse - Groupe vocal &quot;Si l&#039;on chantait&quot;<\/title>\n<meta name=\"description\" content=\"Site du groupe vocal Si l&#039;on chantait, chorale d&#039;Avressieux, dans l&#039;Avant-Pays savoyard - 73240 - Savoie - Chant, Vari\u00e9t\u00e9\" \/>\n<meta name=\"robots\" content=\"index, follow, max-snippet:-1, max-image-preview:large, max-video-preview:-1\" \/>\n<link rel=\"canonical\" href=\"https:\/\/www.silonchantait.com\/chorale\/presse\/\" \/>\n<meta property=\"og:locale\" content=\"fr_FR\" \/>\n<meta property=\"og:type\" content=\"article\" \/>\n<meta property=\"og:title\" content=\"Presse - Groupe vocal &quot;Si l&#039;on chantait&quot;\" \/>\n<meta property=\"og:description\" content=\"Site du groupe vocal Si l&#039;on chantait, chorale d&#039;Avressieux, dans l&#039;Avant-Pays savoyard - 73240 - Savoie - Chant, Vari\u00e9t\u00e9\" \/>\n<meta property=\"og:url\" content=\"https:\/\/www.silonchantait.com\/chorale\/presse\/\" \/>\n<meta property=\"og:site_name\" content=\"Groupe vocal &quot;Si l&#039;on chantait&quot;\" \/>\n<meta property=\"article:modified_time\" content=\"2018-07-15T20:37:20+00:00\" \/>\n<meta name=\"twitter:card\" content=\"summary_large_image\" \/>\n<meta name=\"twitter:label1\" content=\"Dur\u00e9e de lecture estim\u00e9e\" \/>\n\t<meta name=\"twitter:data1\" content=\"1 minute\" \/>\n<script type=\"application\/ld+json\" class=\"yoast-schema-graph\">{\"@context\":\"https:\/\/schema.org\",\"@graph\":[{\"@type\":\"WebPage\",\"@id\":\"https:\/\/www.silonchantait.com\/chorale\/presse\/\",\"url\":\"https:\/\/www.silonchantait.com\/chorale\/presse\/\",\"name\":\"Presse - Groupe vocal &quot;Si l&#039;on chantait&quot;\",\"isPartOf\":{\"@id\":\"https:\/\/www.silonchantait.com\/chorale\/#website\"},\"datePublished\":\"2017-04-11T08:34:09+00:00\",\"dateModified\":\"2018-07-15T20:37:20+00:00\",\"description\":\"Site du groupe vocal Si l'on chantait, chorale d'Avressieux, dans l'Avant-Pays savoyard - 73240 - Savoie - Chant, Vari\u00e9t\u00e9\",\"breadcrumb\":{\"@id\":\"https:\/\/www.silonchantait.com\/chorale\/presse\/#breadcrumb\"},\"inLanguage\":\"fr-FR\",\"potentialAction\":[{\"@type\":\"ReadAction\",\"target\":[\"https:\/\/www.silonchantait.com\/chorale\/presse\/\"]}]},{\"@type\":\"BreadcrumbList\",\"@id\":\"https:\/\/www.silonchantait.com\/chorale\/presse\/#breadcrumb\",\"itemListElement\":[{\"@type\":\"ListItem\",\"position\":1,\"name\":\"Accueil\",\"item\":\"https:\/\/www.silonchantait.com\/chorale\/\"},{\"@type\":\"ListItem\",\"position\":2,\"name\":\"Presse\"}]},{\"@type\":\"WebSite\",\"@id\":\"https:\/\/www.silonchantait.com\/chorale\/#website\",\"url\":\"https:\/\/www.silonchantait.com\/chorale\/\",\"name\":\"Groupe vocal &quot;Si l&#039;on chantait&quot;\",\"description\":\"Chorale d&#039;Avressieux\",\"potentialAction\":[{\"@type\":\"SearchAction\",\"target\":{\"@type\":\"EntryPoint\",\"urlTemplate\":\"https:\/\/www.silonchantait.com\/chorale\/?s={search_term_string}\"},\"query-input\":{\"@type\":\"PropertyValueSpecification\",\"valueRequired\":true,\"valueName\":\"search_term_string\"}}],\"inLanguage\":\"fr-FR\"}]}<\/script>\n<!-- \/ Yoast SEO plugin. -->","yoast_head_json":{"title":"Presse - Groupe vocal &quot;Si l&#039;on chantait&quot;","description":"Site du groupe vocal Si l'on chantait, chorale d'Avressieux, dans l'Avant-Pays savoyard - 73240 - Savoie - Chant, Vari\u00e9t\u00e9","robots":{"index":"index","follow":"follow","max-snippet":"max-snippet:-1","max-image-preview":"max-image-preview:large","max-video-preview":"max-video-preview:-1"},"canonical":"https:\/\/www.silonchantait.com\/chorale\/presse\/","og_locale":"fr_FR","og_type":"article","og_title":"Presse - Groupe vocal &quot;Si l&#039;on chantait&quot;","og_description":"Site du groupe vocal Si l'on chantait, chorale d'Avressieux, dans l'Avant-Pays savoyard - 73240 - Savoie - Chant, Vari\u00e9t\u00e9","og_url":"https:\/\/www.silonchantait.com\/chorale\/presse\/","og_site_name":"Groupe vocal &quot;Si l&#039;on chantait&quot;","article_modified_time":"2018-07-15T20:37:20+00:00","twitter_card":"summary_large_image","twitter_misc":{"Dur\u00e9e de lecture estim\u00e9e":"1 minute"},"schema":{"@context":"https:\/\/schema.org","@graph":[{"@type":"WebPage","@id":"https:\/\/www.silonchantait.com\/chorale\/presse\/","url":"https:\/\/www.silonchantait.com\/chorale\/presse\/","name":"Presse - Groupe vocal &quot;Si l&#039;on chantait&quot;","isPartOf":{"@id":"https:\/\/www.silonchantait.com\/chorale\/#website"},"datePublished":"2017-04-11T08:34:09+00:00","dateModified":"2018-07-15T20:37:20+00:00","description":"Site du groupe vocal Si l'on chantait, chorale d'Avressieux, dans l'Avant-Pays savoyard - 73240 - Savoie - Chant, Vari\u00e9t\u00e9","breadcrumb":{"@id":"https:\/\/www.silonchantait.com\/chorale\/presse\/#breadcrumb"},"inLanguage":"fr-FR","potentialAction":[{"@type":"ReadAction","target":["https:\/\/www.silonchantait.com\/chorale\/presse\/"]}]},{"@type":"BreadcrumbList","@id":"https:\/\/www.silonchantait.com\/chorale\/presse\/#breadcrumb","itemListElement":[{"@type":"ListItem","position":1,"name":"Accueil","item":"https:\/\/www.silonchantait.com\/chorale\/"},{"@type":"ListItem","position":2,"name":"Presse"}]},{"@type":"WebSite","@id":"https:\/\/www.silonchantait.com\/chorale\/#website","url":"https:\/\/www.silonchantait.com\/chorale\/","name":"Groupe vocal &quot;Si l&#039;on chantait&quot;","description":"Chorale d&#039;Avressieux","potentialAction":[{"@type":"SearchAction","target":{"@type":"EntryPoint","urlTemplate":"https:\/\/www.silonchantait.com\/chorale\/?s={search_term_string}"},"query-input":{"@type":"PropertyValueSpecification","valueRequired":true,"valueName":"search_term_string"}}],"inLanguage":"fr-FR"}]}},"_links":{"self":[{"href":"https:\/\/www.silonchantait.com\/chorale\/wp-json\/wp\/v2\/pages\/17","targetHints":{"allow":["GET"]}}],"collection":[{"href":"https:\/\/www.silonchantait.com\/chorale\/wp-json\/wp\/v2\/pages"}],"about":[{"href":"https:\/\/www.silonchantait.com\/chorale\/wp-json\/wp\/v2\/types\/page"}],"author":[{"embeddable":true,"href":"https:\/\/www.silonchantait.com\/chorale\/wp-json\/wp\/v2\/users\/1"}],"replies":[{"embeddable":true,"href":"https:\/\/www.silonchantait.com\/chorale\/wp-json\/wp\/v2\/comments?post=17"}],"version-history":[{"count":21,"href":"https:\/\/www.silonchantait.com\/chorale\/wp-json\/wp\/v2\/pages\/17\/revisions"}],"predecessor-version":[{"id":1698,"href":"https:\/\/www.silonchantait.com\/chorale\/wp-json\/wp\/v2\/pages\/17\/revisions\/1698"}],"wp:attachment":[{"href":"https:\/\/www.silonchantait.com\/chorale\/wp-json\/wp\/v2\/media?parent=17"}],"curies":[{"name":"wp","href":"https:\/\/api.w.org\/{rel}","templated":true}]}}